33755.
3, 5, 11, 19, 11813
What are the prime factors of 278659?
31, 89, 101
What are the prime factors of 140044?
2, 157, 223
List the prime factors of 8769108.
2, 3, 19, 38461
What are the prime factors of 2441308?
2, 610327
What are the prime factors of 1704497?
71, 24007
What are the prime factors of 557037?
3, 13, 23
What are the prime factors of 23698269?
3, 7, 389, 967
List the prime factors of 1726924.
2, 431731
List the prime factors of 11296869.
3, 109, 179, 193
What are the prime factors of 2449?
31, 79
What are the prime factors of 2830928?
2, 176933
List the prime factors of 4381897.
13, 337069
What are the prime factors of 2111495?
5, 347, 1217
List the prime factors of 3697149.
3, 61, 89, 227
List the prime factors of 2627015.
5, 103, 5101
What are the prime factors of 39792?
2, 3, 829
What are the prime factors of 245021?
7, 17, 29, 71
List the prime factors of 1175591.
1175591
List the prime factors of 25148334.
2, 3, 41, 102229
List the prime factors of 9827081.
11, 467, 1913
What are the prime factors of 224654?
2, 112327
What are the prime factors of 70010?
2, 5, 7001
List the prime factors of 146041.
7, 31, 673
List the prime factors of 13017405.
3, 5, 867827
What are the prime factors of 338888?
2, 11, 3851
What are the prime factors of 224618?
2, 19, 23, 257
List the prime factors of 915434.
2, 13, 137, 257
What are the prime factors of 1451936?
2, 17, 157
What are the prime factors of 2814558?
2, 3, 293, 1601
List the prime factors of 1446378.
2, 3, 23, 47, 223
What are the prime factors of 1539097?
7, 219871
What are the prime factors of 2546616?
2, 3, 106109
What are the prime factors of 1756572?
2, 3, 146381
What are the prime factors of 12380130?
2, 3, 5, 7, 43, 457
What are the prime factors of 326571?
3, 7, 15551
List the prime factors of 12891704.
2, 7, 32887
What are the prime factors of 760644?
2, 3, 7043
List the prime factors of 1416546.
2, 3, 78697
List the prime factors of 14450371.
13, 23, 31, 1559
List the prime factors of 1819882.
2, 37, 24593
What are the prime factors of 166966?
2, 31, 2693
What are the prime factors of 2173833?
3, 241537
List the prime factors of 526031.
11, 17, 29, 97
What are the prime factors of 9814890?
2, 3, 5, 327163
List the prime factors of 302153.
53, 5701
List the prime factors of 8573286.
2, 3, 109, 13109
List the prime factors of 957827.
13, 73679
List the prime factors of 2666805.
3, 5, 177787
List the prime factors of 859625.
5, 13, 23
What are the prime factors of 237948?
2, 3, 79, 251
List the prime factors of 39502933.
1153, 34261
What are the prime factors of 5274566?
2, 11, 239753
List the prime factors of 1537305.
3, 5, 7, 11
List the prime factors of 274257.
3, 31, 983
What are the prime factors of 169360?
2, 5, 29, 73
What are the prime factors of 171571?
171571
What are the prime factors of 2485925?
5, 13, 7649
What are the prime factors of 74729?
74729
List the prime factors of 1774642.
2, 337, 2633
What are the prime factors of 8891939?
7, 101, 12577
What are the prime factors of 1588159?
1588159
What are the prime factors of 886720?
2, 5, 17, 163
List the prime factors of 76993.
7, 17, 647
List the prime factors of 85236.
2, 3, 7103
What are the prime factors of 14345074?
2, 1129, 6353
List the prime factors of 522832.
2, 41, 797
What are the prime factors of 398470?
2, 5, 39847
List the prime factors of 3017937.
3, 13, 77383
List the prime factors of 511754.
2, 255877
List the prime factors of 711602.
2, 29, 12269
What are the prime factors of 198217?
379, 523
List the prime factors of 6911148.
2, 3, 269, 2141
List the prime factors of 18750.
2, 3, 5
What are the prime factors of 1011494?
2, 11, 23, 1999
What are the prime factors of 23656668?
2, 3, 7, 281627
What are the prime factors of 5713615?
5, 17, 67219
What are the prime factors of 945098?
2, 7, 11, 17, 19
What are the prime factors of 949744?
2, 59359
What are the prime factors of 120589?
7, 23, 107
What are the prime factors of 61165?
5, 13, 941
List the prime factors of 5381191.
937, 5743
What are the prime factors of 10975379?
10975379
List the prime factors of 4600965.
3, 5, 17, 18043
What are the prime factors of 19817?
7, 19, 149
List the prime factors of 21777257.
2029, 10733
List the prime factors of 1552141.
353, 4397
What are the prime factors of 1153122?
2, 3, 192187
What are the prime factors of 4721820?
2, 3, 5, 78697
List the prime factors of 13827788.
2, 13, 37, 7187
List the prime factors of 8703886.
2, 29, 150067
What are the prime factors of 3784072?
2, 473009
List the prime factors of 2205966.
2, 3, 7, 53, 991
List the prime factors of 5527862.
2, 2763931
List the prime factors of 17319745.
5, 59, 58711
List the prime factors of 2117.
29, 73
List the prime factors of 629931.
3, 209977
List the prime factors of 205324.
2, 7, 7333
List the prime factors of 307099.
13, 23623
List the prime factors of 233791.
43, 5437
What are the prime factors of 4795604?
2, 11, 108991
List the prime factors of 862762.
2, 431381
What are the prime factors of 32437?
163, 199
List the prime factors of 1556934.
2, 3, 41, 6329
List the prime factors of 36956.
2, 9239
What are the prime factors of 11677893?
3, 3892631
What are the prime factors of 830022?
2, 3, 138337
What are the prime factors of 1324443?
3, 43, 10267
List the prime factors of 556618.
2, 211, 1319
What are the prime factors of 373677?
3, 17, 431
What are the prime factors of 9571042?
2, 13, 368117
List the prime factors of 3245764.
2, 811441
What are the prime factors of 320798?
2, 29, 5531
List the prime factors of 13764511.
23, 598457
List the prime factors of 211563.
3, 11, 2137
What are the prime factors of 4939946?
2, 11, 137, 149
List the prime factors of 439962.
2, 3, 73327
What are the prime factors of 13421?
13421
What are the prime factors of 11542677?
3, 17, 89, 2543
What are the prime factors of 14001646?
2, 31, 53, 4261
What are the prime factors of 84316?
2, 107, 197
List the prime factors of 3886354.
2, 257, 7561
List the prime factors of 974418.
2, 3, 23, 307
List the prime factors of 35480013.
3, 11826671
List the prime factors of 1182349.
7, 67, 2521
List the prime factors of 2017913.
107, 18859
List the prime factors of 1271472.
2, 3, 26489
What are the prime factors of 11208801?
3, 179, 20873
List the prime factors of 8296725.
3, 5, 110623
List the prime factors of 893213.
893213
What are the prime factors of 125893?
67, 1879
What are the prime factors of 949087?
37, 113, 227
What are the prime factors of 1007777?
17, 59281
List the prime factors of 353096.
2, 19, 23, 101
List the prime factors of 84035.
5, 7
What are the prime factors of 1839104?
2, 449
List the prime factors of 185383.
11, 19, 887
List the prime factors of 1158731.
7, 165533
List the prime factors of 426755.
5, 7, 89, 137
What are the prime factors of 3276198?
2, 3, 182011
What are the prime factors of 144505?
5, 28901
List the prime factors of 359163.
3, 7, 5701
What are the prime factors of 17711146?
2, 8855573
List the prime factors of 830100.
2, 3, 5, 2767
What are the prime factors of 2972211?
3, 11, 90067
List the prime factors of 111506.
2, 127, 439
What are the prime factors of 1988217?
3, 7, 11, 19, 151
List the prime factors of 851806.
2, 425903
List the prime factors of 3663494.
2, 1831747
What are the prime factors of 26230358?
2, 7, 11, 170327
What are the prime factors of 510504?
2, 3, 89, 239
What are the prime factors of 22964?
2, 5741
List the prime factors of 193793.
193793
What are the prime factors of 28472221?
683, 41687
List the prime factors of 2857511.
2857511
List the prime factors of 25667660.
2, 5, 1283383
What are the prime factors of 884796?
2, 3, 11, 6703
List the prime factors of 4435283.
17, 103, 149
What are the prime factors of 21596368?
2, 1349773
List the prime factors of 305285.
5, 61057
What are the prime factors of 89797?
89797
List the prime factors of 1879723.
1879723
List the prime factors of 10801813.
11, 981983
List the prime factors of 136911.
3, 47, 971
What are the prime factors of 129150?
2, 3, 5, 7, 41
What are the prime factors of 4266910?
2, 5, 426691
List the prime factors of 1163625.
3, 5, 29, 107
What are the prime factors of 1608467?
7, 229781
List the prime factors of 7105012.
2, 19, 93487